{"id":14,"date":"2020-02-14T16:26:33","date_gmt":"2020-02-14T16:26:33","guid":{"rendered":"http:\/\/mibaro.de\/?page_id=14"},"modified":"2020-04-27T13:24:32","modified_gmt":"2020-04-27T13:24:32","slug":"auftragsformular","status":"publish","type":"page","link":"https:\/\/boerde-transporte.de\/?page_id=14","title":{"rendered":"Auftrag"},"content":{"rendered":"\t\t<div data-elementor-type=\"wp-page\" data-elementor-id=\"14\" class=\"elementor elementor-14\">\n\t\t\t\t\t\t<section class=\"elementor-section elementor-top-section elementor-element elementor-element-8e2d446 elementor-section-boxed elementor-section-height-default elementor-section-height-default\" data-id=\"8e2d446\" data-element_type=\"section\">\n\t\t\t\t\t\t<div class=\"elementor-container elementor-column-gap-default\">\n\t\t\t\t\t<div class=\"elementor-column elementor-col-100 elementor-top-column elementor-element elementor-element-a1c044e\" data-id=\"a1c044e\" data-element_type=\"column\">\n\t\t\t<div class=\"elementor-widget-wrap elementor-element-populated\">\n\t\t\t\t\t\t<div class=\"elementor-element elementor-element-84d29d2 elementor-widget elementor-widget-text-editor\" data-id=\"84d29d2\" data-element_type=\"widget\" data-widget_type=\"text-editor.default\">\n\t\t\t\t<div class=\"elementor-widget-container\">\n\t\t\t\t\t\t\t\t\t<p>Sie haben schon einen konkreten Plan, wo Ihr Transport hin soll? Dann schreiben Sie es doch hier rein und wir k\u00fcmmern uns schon in kurzer Zeit um Ihre Lieferung.<\/p>\t\t\t\t\t\t\t\t<\/div>\n\t\t\t\t<\/div>\n\t\t\t\t<div class=\"elementor-element elementor-element-3655dfec elementor-widget elementor-widget-text-editor\" data-id=\"3655dfec\" data-element_type=\"widget\" data-widget_type=\"text-editor.default\">\n\t\t\t\t<div class=\"elementor-widget-container\">\n\t\t\t\t\t\t\t\t\t<div class=\"wpforms-container wpforms-container-full\" id=\"wpforms-193\">\n<form id=\"wpforms-form-193\" class=\"wpforms-validate wpforms-form\" data-formid=\"193\" method=\"post\" enctype=\"multipart\/form-data\" action=\"\/index.php?rest_route=%2Fwp%2Fv2%2Fpages%2F14\" data-token=\"4c8cf5ab672a3e09070f626e13fc7b37\" data-token-time=\"1775557099\"><noscript class=\"wpforms-error-noscript\">Bitte aktiviere JavaScript in deinem Browser, um dieses Formular fertigzustellen.<\/noscript><\/p>\n<div class=\"wpforms-field-container\">\n<div id=\"wpforms-193-field_13-container\" class=\"wpforms-field wpforms-field-text\" data-field-id=\"13\"><label class=\"wpforms-field-label\" for=\"wpforms-193-field_13\">Ansprechpartner<\/label><input type=\"text\" id=\"wpforms-193-field_13\" class=\"wpforms-field-medium\" name=\"wpforms[fields][13]\" ><\/div>\n<div id=\"wpforms-193-field_4-container\" class=\"wpforms-field wpforms-field-text\" data-field-id=\"4\"><label class=\"wpforms-field-label\" for=\"wpforms-193-field_4\">Firma, u. -adresse (Anschrift der Firma) <span class=\"wpforms-required-label\">*<\/span><\/label><input type=\"text\" id=\"wpforms-193-field_4\" class=\"wpforms-field-medium wpforms-field-required\" name=\"wpforms[fields][4]\" required><\/div>\n<div id=\"wpforms-193-field_1-container\" class=\"wpforms-field wpforms-field-email\" data-field-id=\"1\"><label class=\"wpforms-field-label\" for=\"wpforms-193-field_1\">E-Mail <span class=\"wpforms-required-label\">*<\/span><\/label><input type=\"email\" id=\"wpforms-193-field_1\" class=\"wpforms-field-medium wpforms-field-required\" name=\"wpforms[fields][1]\" spellcheck=\"false\" required><\/div>\n<div id=\"wpforms-193-field_6-container\" class=\"wpforms-field wpforms-field-text\" data-field-id=\"6\"><label class=\"wpforms-field-label\" for=\"wpforms-193-field_6\">Tel.: <span class=\"wpforms-required-label\">*<\/span><\/label><input type=\"text\" id=\"wpforms-193-field_6\" class=\"wpforms-field-medium wpforms-field-required\" name=\"wpforms[fields][6]\" required><\/div>\n<div id=\"wpforms-193-field_8-container\" class=\"wpforms-field wpforms-field-text\" data-field-id=\"8\"><label class=\"wpforms-field-label\" for=\"wpforms-193-field_8\">Startort <span class=\"wpforms-required-label\">*<\/span><\/label><input type=\"text\" id=\"wpforms-193-field_8\" class=\"wpforms-field-medium wpforms-field-required\" name=\"wpforms[fields][8]\" required><\/div>\n<div id=\"wpforms-193-field_10-container\" class=\"wpforms-field wpforms-field-text\" data-field-id=\"10\"><label class=\"wpforms-field-label\" for=\"wpforms-193-field_10\">Am (Datum) <span class=\"wpforms-required-label\">*<\/span><\/label><input type=\"text\" id=\"wpforms-193-field_10\" class=\"wpforms-field-medium wpforms-field-required\" name=\"wpforms[fields][10]\" required><\/div>\n<div id=\"wpforms-193-field_9-container\" class=\"wpforms-field wpforms-field-text\" data-field-id=\"9\"><label class=\"wpforms-field-label\" for=\"wpforms-193-field_9\">Zielort \/ Zustelladresse <span class=\"wpforms-required-label\">*<\/span><\/label><input type=\"text\" id=\"wpforms-193-field_9\" class=\"wpforms-field-medium wpforms-field-required\" name=\"wpforms[fields][9]\" required><\/div>\n<div id=\"wpforms-193-field_12-container\" class=\"wpforms-field wpforms-field-text\" data-field-id=\"12\"><label class=\"wpforms-field-label\" for=\"wpforms-193-field_12\">Ansprechpartner am Zielort<\/label><input type=\"text\" id=\"wpforms-193-field_12\" class=\"wpforms-field-medium\" name=\"wpforms[fields][12]\" ><\/div>\n<div id=\"wpforms-193-field_16-container\" class=\"wpforms-field wpforms-field-textarea\" data-field-id=\"16\"><label class=\"wpforms-field-label\" for=\"wpforms-193-field_16\">Welche Lieferung soll ausgef\u00fchrt werden?<\/label><textarea id=\"wpforms-193-field_16\" class=\"wpforms-field-medium\" name=\"wpforms[fields][16]\" ><\/textarea><\/p>\n<div class=\"wpforms-field-description\">Was m\u00f6chten Sie transportiert haben? Gewicht, Gr\u00f6\u00dfe und Art des Objekts&#8230;&#8230;.<\/div>\n<\/div>\n<div id=\"wpforms-193-field_11-container\" class=\"wpforms-field wpforms-field-checkbox\" data-field-id=\"11\"><label class=\"wpforms-field-label\">Hiermit beauftrage ich B\u00f6rde Transporte meine Lieferung auszuf\u00fchren und bin mit dem Datenschutzvereinbarungen einverstanden <span class=\"wpforms-required-label\">*<\/span><\/label><\/p>\n<ul id=\"wpforms-193-field_11\" class=\"wpforms-field-required\">\n<li class=\"choice-3 depth-1\"><input type=\"checkbox\" id=\"wpforms-193-field_11_3\" name=\"wpforms[fields][11][]\" value=\"einverstanden\" required ><label class=\"wpforms-field-label-inline\" for=\"wpforms-193-field_11_3\">einverstanden<\/label><\/li>\n<\/ul>\n<\/div>\n<\/div>\n<p><!-- .wpforms-field-container --><\/p>\n<div class=\"wpforms-field wpforms-field-hp\"><label for=\"wpforms-193-field-hp\" class=\"wpforms-field-label\">Comment<\/label><input type=\"text\" name=\"wpforms[hp]\" id=\"wpforms-193-field-hp\" class=\"wpforms-field-medium\"><\/div>\n<div class=\"wpforms-submit-container\" ><input type=\"hidden\" name=\"wpforms[id]\" value=\"193\"><input type=\"hidden\" name=\"page_title\" value=\"\"><input type=\"hidden\" name=\"page_url\" value=\"https:\/\/boerde-transporte.de\/index.php?rest_route=\/wp\/v2\/pages\/14\"><input type=\"hidden\" name=\"url_referer\" value=\"\"><button type=\"submit\" name=\"wpforms[submit]\" id=\"wpforms-submit-193\" class=\"wpforms-submit\" data-alt-text=\"Senden...\" data-submit-text=\"Absenden\" aria-live=\"assertive\" value=\"wpforms-submit\">Absenden<\/button><\/div>\n<\/form>\n<\/div>\n<p>  <!-- .wpforms-container --><\/p>\n\t\t\t\t\t\t\t\t<\/div>\n\t\t\t\t<\/div>\n\t\t\t\t<div class=\"elementor-element elementor-element-0403d82 elementor-widget elementor-widget-text-editor\" data-id=\"0403d82\" data-element_type=\"widget\" data-widget_type=\"text-editor.default\">\n\t\t\t\t<div class=\"elementor-widget-container\">\n\t\t\t\t\t\t\t\t\t<p>Hier haben Sie die M\u00f6glichkeit das Auftragsformular von B\u00f6rde Transporte als Datei runterzuladen und wenn sie m\u00f6gen schriftlich zukommen zu lassen. Sollten Sie noch Fragen haben, dann rufen Sie uns doch gerne an.<\/p>\t\t\t\t\t\t\t\t<\/div>\n\t\t\t\t<\/div>\n\t\t\t\t\t<\/div>\n\t\t<\/div>\n\t\t\t\t\t<\/div>\n\t\t<\/section>\n\t\t\t\t<\/div>\n\t\t","protected":false},"excerpt":{"rendered":"<p>Sie haben schon einen konkreten Plan, wo Ihr Transport hin soll? Dann schreiben Sie es doch hier rein und wir k\u00fcmmern uns schon in kurzer Zeit um Ihre Lieferung. Hier haben Sie die M\u00f6glichkeit das Auftragsformular von B\u00f6rde Transporte als Datei runterzuladen und wenn sie m\u00f6gen schriftlich zukommen zu lassen. Sollten Sie noch Fragen haben, dann rufen Sie uns doch gerne an.<\/p>\n","protected":false},"author":1,"featured_media":0,"parent":0,"menu_order":0,"comment_status":"closed","ping_status":"closed","template":"","meta":{"footnotes":""},"_links":{"self":[{"href":"https:\/\/boerde-transporte.de\/index.php?rest_route=\/wp\/v2\/pages\/14"}],"collection":[{"href":"https:\/\/boerde-transporte.de\/index.php?rest_route=\/wp\/v2\/pages"}],"about":[{"href":"https:\/\/boerde-transporte.de\/index.php?rest_route=\/wp\/v2\/types\/page"}],"author":[{"embeddable":true,"href":"https:\/\/boerde-transporte.de\/index.php?rest_route=\/wp\/v2\/users\/1"}],"replies":[{"embeddable":true,"href":"https:\/\/boerde-transporte.de\/index.php?rest_route=%2Fwp%2Fv2%2Fcomments&post=14"}],"version-history":[{"count":10,"href":"https:\/\/boerde-transporte.de\/index.php?rest_route=\/wp\/v2\/pages\/14\/revisions"}],"predecessor-version":[{"id":483,"href":"https:\/\/boerde-transporte.de\/index.php?rest_route=\/wp\/v2\/pages\/14\/revisions\/483"}],"wp:attachment":[{"href":"https:\/\/boerde-transporte.de\/index.php?rest_route=%2Fwp%2Fv2%2Fmedia&parent=14"}],"curies":[{"name":"wp","href":"https:\/\/api.w.org\/{rel}","templated":true}]}}